{"id":124,"date":"2022-04-21T16:08:23","date_gmt":"2022-04-21T14:08:23","guid":{"rendered":"https:\/\/www.rezervujsi.sk\/rezervacny-system\/?page_id=124"},"modified":"2022-05-09T12:38:50","modified_gmt":"2022-05-09T10:38:50","slug":"novi-zakaznici","status":"publish","type":"page","link":"https:\/\/www.rezervujsi.sk\/rezervacny-system\/novi-zakaznici\/","title":{"rendered":"Nov\u00ed z\u00e1kazn\u00edci"},"content":{"rendered":"","protected":false},"excerpt":{"rendered":"","protected":false},"author":1,"featured_media":0,"parent":0,"menu_order":0,"comment_status":"closed","ping_status":"closed","template":"","meta":[],"yoast_head":"<!-- This site is optimized with the Yoast SEO plugin v18.8 - https:\/\/yoast.com\/wordpress\/plugins\/seo\/ -->\n<title>Z\u00edskajte s nami nov\u00fdch z\u00e1kazn\u00edkov | pon\u00fakame V\u00e1s akt\u00edvne<\/title>\n<meta name=\"description\" content=\"Z\u00edskajte s nami nov\u00fdch z\u00e1kazn\u00edkov.Va\u0161e slu\u017eby pon\u00fakame akt\u00edvne!\" \/>\n<meta name=\"robots\" content=\"index, follow, max-snippet:-1, max-image-preview:large, max-video-preview:-1\" \/>\n<link rel=\"canonical\" href=\"https:\/\/www.rezervujsi.sk\/rezervacny-system\/novi-zakaznici\/\" \/>\n<meta property=\"og:locale\" content=\"sk_SK\" \/>\n<meta property=\"og:type\" content=\"article\" \/>\n<meta property=\"og:title\" content=\"Z\u00edskajte s nami nov\u00fdch z\u00e1kazn\u00edkov | pon\u00fakame V\u00e1s akt\u00edvne\" \/>\n<meta property=\"og:description\" content=\"Z\u00edskajte s nami nov\u00fdch z\u00e1kazn\u00edkov.Va\u0161e slu\u017eby pon\u00fakame akt\u00edvne!\" \/>\n<meta property=\"og:url\" content=\"https:\/\/www.rezervujsi.sk\/rezervacny-system\/novi-zakaznici\/\" \/>\n<meta property=\"og:site_name\" content=\"Rezerva\u010dn\u00fd syst\u00e9m\" \/>\n<meta property=\"article:modified_time\" content=\"2022-05-09T10:38:50+00:00\" \/>\n<meta name=\"twitter:card\" content=\"summary_large_image\" \/>\n<script type=\"application\/ld+json\" class=\"yoast-schema-graph\">{\"@context\":\"https:\/\/schema.org\",\"@graph\":[{\"@type\":\"WebSite\",\"@id\":\"https:\/\/www.rezervujsi.sk\/rezervacny-system\/#website\",\"url\":\"https:\/\/www.rezervujsi.sk\/rezervacny-system\/\",\"name\":\"Rezerva\u010dn\u00fd syst\u00e9m\",\"description\":\"Rezerva\u010dn\u00fd syst\u00e9m Zdarma Spolu s Vami tvor\u00edme 15 r.\",\"potentialAction\":[{\"@type\":\"SearchAction\",\"target\":{\"@type\":\"EntryPoint\",\"urlTemplate\":\"https:\/\/www.rezervujsi.sk\/rezervacny-system\/?s={search_term_string}\"},\"query-input\":\"required name=search_term_string\"}],\"inLanguage\":\"sk-SK\"},{\"@type\":\"WebPage\",\"@id\":\"https:\/\/www.rezervujsi.sk\/rezervacny-system\/novi-zakaznici\/#webpage\",\"url\":\"https:\/\/www.rezervujsi.sk\/rezervacny-system\/novi-zakaznici\/\",\"name\":\"Z\u00edskajte s nami nov\u00fdch z\u00e1kazn\u00edkov | pon\u00fakame V\u00e1s akt\u00edvne\",\"isPartOf\":{\"@id\":\"https:\/\/www.rezervujsi.sk\/rezervacny-system\/#website\"},\"datePublished\":\"2022-04-21T14:08:23+00:00\",\"dateModified\":\"2022-05-09T10:38:50+00:00\",\"description\":\"Z\u00edskajte s nami nov\u00fdch z\u00e1kazn\u00edkov.Va\u0161e slu\u017eby pon\u00fakame akt\u00edvne!\",\"breadcrumb\":{\"@id\":\"https:\/\/www.rezervujsi.sk\/rezervacny-system\/novi-zakaznici\/#breadcrumb\"},\"inLanguage\":\"sk-SK\",\"potentialAction\":[{\"@type\":\"ReadAction\",\"target\":[\"https:\/\/www.rezervujsi.sk\/rezervacny-system\/novi-zakaznici\/\"]}]},{\"@type\":\"BreadcrumbList\",\"@id\":\"https:\/\/www.rezervujsi.sk\/rezervacny-system\/novi-zakaznici\/#breadcrumb\",\"itemListElement\":[{\"@type\":\"ListItem\",\"position\":1,\"name\":\"Domovsk\u00e1 str\u00e1nka\",\"item\":\"https:\/\/www.rezervujsi.sk\/rezervacny-system\/\"},{\"@type\":\"ListItem\",\"position\":2,\"name\":\"Nov\u00ed z\u00e1kazn\u00edci\"}]}]}<\/script>\n<!-- \/ Yoast SEO plugin. -->","yoast_head_json":{"title":"Z\u00edskajte s nami nov\u00fdch z\u00e1kazn\u00edkov | pon\u00fakame V\u00e1s akt\u00edvne","description":"Z\u00edskajte s nami nov\u00fdch z\u00e1kazn\u00edkov.Va\u0161e slu\u017eby pon\u00fakame akt\u00edvne!","robots":{"index":"index","follow":"follow","max-snippet":"max-snippet:-1","max-image-preview":"max-image-preview:large","max-video-preview":"max-video-preview:-1"},"canonical":"https:\/\/www.rezervujsi.sk\/rezervacny-system\/novi-zakaznici\/","og_locale":"sk_SK","og_type":"article","og_title":"Z\u00edskajte s nami nov\u00fdch z\u00e1kazn\u00edkov | pon\u00fakame V\u00e1s akt\u00edvne","og_description":"Z\u00edskajte s nami nov\u00fdch z\u00e1kazn\u00edkov.Va\u0161e slu\u017eby pon\u00fakame akt\u00edvne!","og_url":"https:\/\/www.rezervujsi.sk\/rezervacny-system\/novi-zakaznici\/","og_site_name":"Rezerva\u010dn\u00fd syst\u00e9m","article_modified_time":"2022-05-09T10:38:50+00:00","twitter_card":"summary_large_image","schema":{"@context":"https:\/\/schema.org","@graph":[{"@type":"WebSite","@id":"https:\/\/www.rezervujsi.sk\/rezervacny-system\/#website","url":"https:\/\/www.rezervujsi.sk\/rezervacny-system\/","name":"Rezerva\u010dn\u00fd syst\u00e9m","description":"Rezerva\u010dn\u00fd syst\u00e9m Zdarma Spolu s Vami tvor\u00edme 15 r.","potentialAction":[{"@type":"SearchAction","target":{"@type":"EntryPoint","urlTemplate":"https:\/\/www.rezervujsi.sk\/rezervacny-system\/?s={search_term_string}"},"query-input":"required name=search_term_string"}],"inLanguage":"sk-SK"},{"@type":"WebPage","@id":"https:\/\/www.rezervujsi.sk\/rezervacny-system\/novi-zakaznici\/#webpage","url":"https:\/\/www.rezervujsi.sk\/rezervacny-system\/novi-zakaznici\/","name":"Z\u00edskajte s nami nov\u00fdch z\u00e1kazn\u00edkov | pon\u00fakame V\u00e1s akt\u00edvne","isPartOf":{"@id":"https:\/\/www.rezervujsi.sk\/rezervacny-system\/#website"},"datePublished":"2022-04-21T14:08:23+00:00","dateModified":"2022-05-09T10:38:50+00:00","description":"Z\u00edskajte s nami nov\u00fdch z\u00e1kazn\u00edkov.Va\u0161e slu\u017eby pon\u00fakame akt\u00edvne!","breadcrumb":{"@id":"https:\/\/www.rezervujsi.sk\/rezervacny-system\/novi-zakaznici\/#breadcrumb"},"inLanguage":"sk-SK","potentialAction":[{"@type":"ReadAction","target":["https:\/\/www.rezervujsi.sk\/rezervacny-system\/novi-zakaznici\/"]}]},{"@type":"BreadcrumbList","@id":"https:\/\/www.rezervujsi.sk\/rezervacny-system\/novi-zakaznici\/#breadcrumb","itemListElement":[{"@type":"ListItem","position":1,"name":"Domovsk\u00e1 str\u00e1nka","item":"https:\/\/www.rezervujsi.sk\/rezervacny-system\/"},{"@type":"ListItem","position":2,"name":"Nov\u00ed z\u00e1kazn\u00edci"}]}]}},"_links":{"self":[{"href":"https:\/\/www.rezervujsi.sk\/rezervacny-system\/wp-json\/wp\/v2\/pages\/124"}],"collection":[{"href":"https:\/\/www.rezervujsi.sk\/rezervacny-system\/wp-json\/wp\/v2\/pages"}],"about":[{"href":"https:\/\/www.rezervujsi.sk\/rezervacny-system\/wp-json\/wp\/v2\/types\/page"}],"author":[{"embeddable":true,"href":"https:\/\/www.rezervujsi.sk\/rezervacny-system\/wp-json\/wp\/v2\/users\/1"}],"replies":[{"embeddable":true,"href":"https:\/\/www.rezervujsi.sk\/rezervacny-system\/wp-json\/wp\/v2\/comments?post=124"}],"version-history":[{"count":1,"href":"https:\/\/www.rezervujsi.sk\/rezervacny-system\/wp-json\/wp\/v2\/pages\/124\/revisions"}],"predecessor-version":[{"id":125,"href":"https:\/\/www.rezervujsi.sk\/rezervacny-system\/wp-json\/wp\/v2\/pages\/124\/revisions\/125"}],"wp:attachment":[{"href":"https:\/\/www.rezervujsi.sk\/rezervacny-system\/wp-json\/wp\/v2\/media?parent=124"}],"curies":[{"name":"wp","href":"https:\/\/api.w.org\/{rel}","templated":true}]}}