{"id":131,"date":"2022-04-22T10:45:50","date_gmt":"2022-04-22T08:45:50","guid":{"rendered":"https:\/\/www.rezervujsi.sk\/rezervacny-system\/?page_id=131"},"modified":"2023-06-27T18:07:59","modified_gmt":"2023-06-27T16:07:59","slug":"aplikacia-v-telefone","status":"publish","type":"page","link":"https:\/\/www.rezervujsi.sk\/rezervacny-system\/aplikacia-v-telefone\/","title":{"rendered":"Aplik\u00e1cia v telef\u00f3ne"},"content":{"rendered":"","protected":false},"excerpt":{"rendered":"","protected":false},"author":1,"featured_media":0,"parent":0,"menu_order":0,"comment_status":"closed","ping_status":"closed","template":"","meta":[],"yoast_head":"<!-- This site is optimized with the Yoast SEO plugin v18.8 - https:\/\/yoast.com\/wordpress\/plugins\/seo\/ -->\n<title>Mobiln\u00e9 aplik\u00e1cie pre telef\u00f3ny - spo\u013eahnite sa na n\u00e1s<\/title>\n<meta name=\"description\" content=\"M\u00e1me mobiln\u00e9 aplik\u00e1cie pre oba typy telef\u00f3nov. Mobiln\u00e9 aplik\u00e1cie m\u00e1me aj pre prev\u00e1dzky aj va\u0161ich z\u00e1kazn\u00edkov. Syst\u00e9m V\u00e1m nastav\u00edme bezplatne\" \/>\n<meta name=\"robots\" content=\"index, follow, max-snippet:-1, max-image-preview:large, max-video-preview:-1\" \/>\n<link rel=\"canonical\" href=\"https:\/\/www.rezervujsi.sk\/rezervacny-system\/aplikacia-v-telefone\/\" \/>\n<meta property=\"og:locale\" content=\"sk_SK\" \/>\n<meta property=\"og:type\" content=\"article\" \/>\n<meta property=\"og:title\" content=\"Mobiln\u00e9 aplik\u00e1cie pre telef\u00f3ny - spo\u013eahnite sa na n\u00e1s\" \/>\n<meta property=\"og:description\" content=\"M\u00e1me mobiln\u00e9 aplik\u00e1cie pre oba typy telef\u00f3nov. Mobiln\u00e9 aplik\u00e1cie m\u00e1me aj pre prev\u00e1dzky aj va\u0161ich z\u00e1kazn\u00edkov. Syst\u00e9m V\u00e1m nastav\u00edme bezplatne\" \/>\n<meta property=\"og:url\" content=\"https:\/\/www.rezervujsi.sk\/rezervacny-system\/aplikacia-v-telefone\/\" \/>\n<meta property=\"og:site_name\" content=\"Rezerva\u010dn\u00fd syst\u00e9m\" \/>\n<meta property=\"article:modified_time\" content=\"2023-06-27T16:07:59+00:00\" \/>\n<meta name=\"twitter:card\" content=\"summary_large_image\" \/>\n<script type=\"application\/ld+json\" class=\"yoast-schema-graph\">{\"@context\":\"https:\/\/schema.org\",\"@graph\":[{\"@type\":\"WebSite\",\"@id\":\"https:\/\/www.rezervujsi.sk\/rezervacny-system\/#website\",\"url\":\"https:\/\/www.rezervujsi.sk\/rezervacny-system\/\",\"name\":\"Rezerva\u010dn\u00fd syst\u00e9m\",\"description\":\"Rezerva\u010dn\u00fd syst\u00e9m Zdarma Spolu s Vami tvor\u00edme 15 r.\",\"potentialAction\":[{\"@type\":\"SearchAction\",\"target\":{\"@type\":\"EntryPoint\",\"urlTemplate\":\"https:\/\/www.rezervujsi.sk\/rezervacny-system\/?s={search_term_string}\"},\"query-input\":\"required name=search_term_string\"}],\"inLanguage\":\"sk-SK\"},{\"@type\":\"WebPage\",\"@id\":\"https:\/\/www.rezervujsi.sk\/rezervacny-system\/aplikacia-v-telefone\/#webpage\",\"url\":\"https:\/\/www.rezervujsi.sk\/rezervacny-system\/aplikacia-v-telefone\/\",\"name\":\"Mobiln\u00e9 aplik\u00e1cie pre telef\u00f3ny - spo\u013eahnite sa na n\u00e1s\",\"isPartOf\":{\"@id\":\"https:\/\/www.rezervujsi.sk\/rezervacny-system\/#website\"},\"datePublished\":\"2022-04-22T08:45:50+00:00\",\"dateModified\":\"2023-06-27T16:07:59+00:00\",\"description\":\"M\u00e1me mobiln\u00e9 aplik\u00e1cie pre oba typy telef\u00f3nov. Mobiln\u00e9 aplik\u00e1cie m\u00e1me aj pre prev\u00e1dzky aj va\u0161ich z\u00e1kazn\u00edkov. Syst\u00e9m V\u00e1m nastav\u00edme bezplatne\",\"breadcrumb\":{\"@id\":\"https:\/\/www.rezervujsi.sk\/rezervacny-system\/aplikacia-v-telefone\/#breadcrumb\"},\"inLanguage\":\"sk-SK\",\"potentialAction\":[{\"@type\":\"ReadAction\",\"target\":[\"https:\/\/www.rezervujsi.sk\/rezervacny-system\/aplikacia-v-telefone\/\"]}]},{\"@type\":\"BreadcrumbList\",\"@id\":\"https:\/\/www.rezervujsi.sk\/rezervacny-system\/aplikacia-v-telefone\/#breadcrumb\",\"itemListElement\":[{\"@type\":\"ListItem\",\"position\":1,\"name\":\"Domovsk\u00e1 str\u00e1nka\",\"item\":\"https:\/\/www.rezervujsi.sk\/rezervacny-system\/\"},{\"@type\":\"ListItem\",\"position\":2,\"name\":\"Aplik\u00e1cia v telef\u00f3ne\"}]}]}<\/script>\n<!-- \/ Yoast SEO plugin. -->","yoast_head_json":{"title":"Mobiln\u00e9 aplik\u00e1cie pre telef\u00f3ny - spo\u013eahnite sa na n\u00e1s","description":"M\u00e1me mobiln\u00e9 aplik\u00e1cie pre oba typy telef\u00f3nov. Mobiln\u00e9 aplik\u00e1cie m\u00e1me aj pre prev\u00e1dzky aj va\u0161ich z\u00e1kazn\u00edkov. Syst\u00e9m V\u00e1m nastav\u00edme bezplatne","robots":{"index":"index","follow":"follow","max-snippet":"max-snippet:-1","max-image-preview":"max-image-preview:large","max-video-preview":"max-video-preview:-1"},"canonical":"https:\/\/www.rezervujsi.sk\/rezervacny-system\/aplikacia-v-telefone\/","og_locale":"sk_SK","og_type":"article","og_title":"Mobiln\u00e9 aplik\u00e1cie pre telef\u00f3ny - spo\u013eahnite sa na n\u00e1s","og_description":"M\u00e1me mobiln\u00e9 aplik\u00e1cie pre oba typy telef\u00f3nov. Mobiln\u00e9 aplik\u00e1cie m\u00e1me aj pre prev\u00e1dzky aj va\u0161ich z\u00e1kazn\u00edkov. Syst\u00e9m V\u00e1m nastav\u00edme bezplatne","og_url":"https:\/\/www.rezervujsi.sk\/rezervacny-system\/aplikacia-v-telefone\/","og_site_name":"Rezerva\u010dn\u00fd syst\u00e9m","article_modified_time":"2023-06-27T16:07:59+00:00","twitter_card":"summary_large_image","schema":{"@context":"https:\/\/schema.org","@graph":[{"@type":"WebSite","@id":"https:\/\/www.rezervujsi.sk\/rezervacny-system\/#website","url":"https:\/\/www.rezervujsi.sk\/rezervacny-system\/","name":"Rezerva\u010dn\u00fd syst\u00e9m","description":"Rezerva\u010dn\u00fd syst\u00e9m Zdarma Spolu s Vami tvor\u00edme 15 r.","potentialAction":[{"@type":"SearchAction","target":{"@type":"EntryPoint","urlTemplate":"https:\/\/www.rezervujsi.sk\/rezervacny-system\/?s={search_term_string}"},"query-input":"required name=search_term_string"}],"inLanguage":"sk-SK"},{"@type":"WebPage","@id":"https:\/\/www.rezervujsi.sk\/rezervacny-system\/aplikacia-v-telefone\/#webpage","url":"https:\/\/www.rezervujsi.sk\/rezervacny-system\/aplikacia-v-telefone\/","name":"Mobiln\u00e9 aplik\u00e1cie pre telef\u00f3ny - spo\u013eahnite sa na n\u00e1s","isPartOf":{"@id":"https:\/\/www.rezervujsi.sk\/rezervacny-system\/#website"},"datePublished":"2022-04-22T08:45:50+00:00","dateModified":"2023-06-27T16:07:59+00:00","description":"M\u00e1me mobiln\u00e9 aplik\u00e1cie pre oba typy telef\u00f3nov. Mobiln\u00e9 aplik\u00e1cie m\u00e1me aj pre prev\u00e1dzky aj va\u0161ich z\u00e1kazn\u00edkov. Syst\u00e9m V\u00e1m nastav\u00edme bezplatne","breadcrumb":{"@id":"https:\/\/www.rezervujsi.sk\/rezervacny-system\/aplikacia-v-telefone\/#breadcrumb"},"inLanguage":"sk-SK","potentialAction":[{"@type":"ReadAction","target":["https:\/\/www.rezervujsi.sk\/rezervacny-system\/aplikacia-v-telefone\/"]}]},{"@type":"BreadcrumbList","@id":"https:\/\/www.rezervujsi.sk\/rezervacny-system\/aplikacia-v-telefone\/#breadcrumb","itemListElement":[{"@type":"ListItem","position":1,"name":"Domovsk\u00e1 str\u00e1nka","item":"https:\/\/www.rezervujsi.sk\/rezervacny-system\/"},{"@type":"ListItem","position":2,"name":"Aplik\u00e1cia v telef\u00f3ne"}]}]}},"_links":{"self":[{"href":"https:\/\/www.rezervujsi.sk\/rezervacny-system\/wp-json\/wp\/v2\/pages\/131"}],"collection":[{"href":"https:\/\/www.rezervujsi.sk\/rezervacny-system\/wp-json\/wp\/v2\/pages"}],"about":[{"href":"https:\/\/www.rezervujsi.sk\/rezervacny-system\/wp-json\/wp\/v2\/types\/page"}],"author":[{"embeddable":true,"href":"https:\/\/www.rezervujsi.sk\/rezervacny-system\/wp-json\/wp\/v2\/users\/1"}],"replies":[{"embeddable":true,"href":"https:\/\/www.rezervujsi.sk\/rezervacny-system\/wp-json\/wp\/v2\/comments?post=131"}],"version-history":[{"count":1,"href":"https:\/\/www.rezervujsi.sk\/rezervacny-system\/wp-json\/wp\/v2\/pages\/131\/revisions"}],"predecessor-version":[{"id":132,"href":"https:\/\/www.rezervujsi.sk\/rezervacny-system\/wp-json\/wp\/v2\/pages\/131\/revisions\/132"}],"wp:attachment":[{"href":"https:\/\/www.rezervujsi.sk\/rezervacny-system\/wp-json\/wp\/v2\/media?parent=131"}],"curies":[{"name":"wp","href":"https:\/\/api.w.org\/{rel}","templated":true}]}}