{"id":152,"date":"2022-04-24T21:44:19","date_gmt":"2022-04-24T19:44:19","guid":{"rendered":"https:\/\/www.rezervujsi.sk\/rezervacny-system\/?page_id=152"},"modified":"2022-05-09T12:42:13","modified_gmt":"2022-05-09T10:42:13","slug":"pomahame","status":"publish","type":"page","link":"https:\/\/www.rezervujsi.sk\/rezervacny-system\/pomahame\/","title":{"rendered":"Pomahame"},"content":{"rendered":"","protected":false},"excerpt":{"rendered":"","protected":false},"author":1,"featured_media":0,"parent":0,"menu_order":0,"comment_status":"closed","ping_status":"closed","template":"","meta":[],"yoast_head":"<!-- This site is optimized with the Yoast SEO plugin v18.8 - https:\/\/yoast.com\/wordpress\/plugins\/seo\/ -->\n<title>Pom\u00e1hame, rezerva\u010dn\u00fd syst\u00e9m pom\u00e1hal aj v zdravotn\u00edctve<\/title>\n<meta name=\"description\" content=\"Radi pom\u00e1hame ke\u010f m\u00f4\u017eeme. Ka\u017ed\u00e9mu zdravotn\u00edckemu zariadeniu, mestu, obci ktor\u00e1 n\u00e1s oslovila sme dali rezerva\u010dn\u00fd syst\u00e9m zdarma.\" \/>\n<meta name=\"robots\" content=\"index, follow, max-snippet:-1, max-image-preview:large, max-video-preview:-1\" \/>\n<link rel=\"canonical\" href=\"https:\/\/www.rezervujsi.sk\/rezervacny-system\/pomahame\/\" \/>\n<meta property=\"og:locale\" content=\"sk_SK\" \/>\n<meta property=\"og:type\" content=\"article\" \/>\n<meta property=\"og:title\" content=\"Pom\u00e1hame, rezerva\u010dn\u00fd syst\u00e9m pom\u00e1hal aj v zdravotn\u00edctve\" \/>\n<meta property=\"og:description\" content=\"Radi pom\u00e1hame ke\u010f m\u00f4\u017eeme. Ka\u017ed\u00e9mu zdravotn\u00edckemu zariadeniu, mestu, obci ktor\u00e1 n\u00e1s oslovila sme dali rezerva\u010dn\u00fd syst\u00e9m zdarma.\" \/>\n<meta property=\"og:url\" content=\"https:\/\/www.rezervujsi.sk\/rezervacny-system\/pomahame\/\" \/>\n<meta property=\"og:site_name\" content=\"Rezerva\u010dn\u00fd syst\u00e9m\" \/>\n<meta property=\"article:modified_time\" content=\"2022-05-09T10:42:13+00:00\" \/>\n<meta name=\"twitter:card\" content=\"summary_large_image\" \/>\n<script type=\"application\/ld+json\" class=\"yoast-schema-graph\">{\"@context\":\"https:\/\/schema.org\",\"@graph\":[{\"@type\":\"WebSite\",\"@id\":\"https:\/\/www.rezervujsi.sk\/rezervacny-system\/#website\",\"url\":\"https:\/\/www.rezervujsi.sk\/rezervacny-system\/\",\"name\":\"Rezerva\u010dn\u00fd syst\u00e9m\",\"description\":\"Rezerva\u010dn\u00fd syst\u00e9m Zdarma Spolu s Vami tvor\u00edme 15 r.\",\"potentialAction\":[{\"@type\":\"SearchAction\",\"target\":{\"@type\":\"EntryPoint\",\"urlTemplate\":\"https:\/\/www.rezervujsi.sk\/rezervacny-system\/?s={search_term_string}\"},\"query-input\":\"required name=search_term_string\"}],\"inLanguage\":\"sk-SK\"},{\"@type\":\"WebPage\",\"@id\":\"https:\/\/www.rezervujsi.sk\/rezervacny-system\/pomahame\/#webpage\",\"url\":\"https:\/\/www.rezervujsi.sk\/rezervacny-system\/pomahame\/\",\"name\":\"Pom\u00e1hame, rezerva\u010dn\u00fd syst\u00e9m pom\u00e1hal aj v zdravotn\u00edctve\",\"isPartOf\":{\"@id\":\"https:\/\/www.rezervujsi.sk\/rezervacny-system\/#website\"},\"datePublished\":\"2022-04-24T19:44:19+00:00\",\"dateModified\":\"2022-05-09T10:42:13+00:00\",\"description\":\"Radi pom\u00e1hame ke\u010f m\u00f4\u017eeme. Ka\u017ed\u00e9mu zdravotn\u00edckemu zariadeniu, mestu, obci ktor\u00e1 n\u00e1s oslovila sme dali rezerva\u010dn\u00fd syst\u00e9m zdarma.\",\"breadcrumb\":{\"@id\":\"https:\/\/www.rezervujsi.sk\/rezervacny-system\/pomahame\/#breadcrumb\"},\"inLanguage\":\"sk-SK\",\"potentialAction\":[{\"@type\":\"ReadAction\",\"target\":[\"https:\/\/www.rezervujsi.sk\/rezervacny-system\/pomahame\/\"]}]},{\"@type\":\"BreadcrumbList\",\"@id\":\"https:\/\/www.rezervujsi.sk\/rezervacny-system\/pomahame\/#breadcrumb\",\"itemListElement\":[{\"@type\":\"ListItem\",\"position\":1,\"name\":\"Domovsk\u00e1 str\u00e1nka\",\"item\":\"https:\/\/www.rezervujsi.sk\/rezervacny-system\/\"},{\"@type\":\"ListItem\",\"position\":2,\"name\":\"Pomahame\"}]}]}<\/script>\n<!-- \/ Yoast SEO plugin. -->","yoast_head_json":{"title":"Pom\u00e1hame, rezerva\u010dn\u00fd syst\u00e9m pom\u00e1hal aj v zdravotn\u00edctve","description":"Radi pom\u00e1hame ke\u010f m\u00f4\u017eeme. Ka\u017ed\u00e9mu zdravotn\u00edckemu zariadeniu, mestu, obci ktor\u00e1 n\u00e1s oslovila sme dali rezerva\u010dn\u00fd syst\u00e9m zdarma.","robots":{"index":"index","follow":"follow","max-snippet":"max-snippet:-1","max-image-preview":"max-image-preview:large","max-video-preview":"max-video-preview:-1"},"canonical":"https:\/\/www.rezervujsi.sk\/rezervacny-system\/pomahame\/","og_locale":"sk_SK","og_type":"article","og_title":"Pom\u00e1hame, rezerva\u010dn\u00fd syst\u00e9m pom\u00e1hal aj v zdravotn\u00edctve","og_description":"Radi pom\u00e1hame ke\u010f m\u00f4\u017eeme. Ka\u017ed\u00e9mu zdravotn\u00edckemu zariadeniu, mestu, obci ktor\u00e1 n\u00e1s oslovila sme dali rezerva\u010dn\u00fd syst\u00e9m zdarma.","og_url":"https:\/\/www.rezervujsi.sk\/rezervacny-system\/pomahame\/","og_site_name":"Rezerva\u010dn\u00fd syst\u00e9m","article_modified_time":"2022-05-09T10:42:13+00:00","twitter_card":"summary_large_image","schema":{"@context":"https:\/\/schema.org","@graph":[{"@type":"WebSite","@id":"https:\/\/www.rezervujsi.sk\/rezervacny-system\/#website","url":"https:\/\/www.rezervujsi.sk\/rezervacny-system\/","name":"Rezerva\u010dn\u00fd syst\u00e9m","description":"Rezerva\u010dn\u00fd syst\u00e9m Zdarma Spolu s Vami tvor\u00edme 15 r.","potentialAction":[{"@type":"SearchAction","target":{"@type":"EntryPoint","urlTemplate":"https:\/\/www.rezervujsi.sk\/rezervacny-system\/?s={search_term_string}"},"query-input":"required name=search_term_string"}],"inLanguage":"sk-SK"},{"@type":"WebPage","@id":"https:\/\/www.rezervujsi.sk\/rezervacny-system\/pomahame\/#webpage","url":"https:\/\/www.rezervujsi.sk\/rezervacny-system\/pomahame\/","name":"Pom\u00e1hame, rezerva\u010dn\u00fd syst\u00e9m pom\u00e1hal aj v zdravotn\u00edctve","isPartOf":{"@id":"https:\/\/www.rezervujsi.sk\/rezervacny-system\/#website"},"datePublished":"2022-04-24T19:44:19+00:00","dateModified":"2022-05-09T10:42:13+00:00","description":"Radi pom\u00e1hame ke\u010f m\u00f4\u017eeme. Ka\u017ed\u00e9mu zdravotn\u00edckemu zariadeniu, mestu, obci ktor\u00e1 n\u00e1s oslovila sme dali rezerva\u010dn\u00fd syst\u00e9m zdarma.","breadcrumb":{"@id":"https:\/\/www.rezervujsi.sk\/rezervacny-system\/pomahame\/#breadcrumb"},"inLanguage":"sk-SK","potentialAction":[{"@type":"ReadAction","target":["https:\/\/www.rezervujsi.sk\/rezervacny-system\/pomahame\/"]}]},{"@type":"BreadcrumbList","@id":"https:\/\/www.rezervujsi.sk\/rezervacny-system\/pomahame\/#breadcrumb","itemListElement":[{"@type":"ListItem","position":1,"name":"Domovsk\u00e1 str\u00e1nka","item":"https:\/\/www.rezervujsi.sk\/rezervacny-system\/"},{"@type":"ListItem","position":2,"name":"Pomahame"}]}]}},"_links":{"self":[{"href":"https:\/\/www.rezervujsi.sk\/rezervacny-system\/wp-json\/wp\/v2\/pages\/152"}],"collection":[{"href":"https:\/\/www.rezervujsi.sk\/rezervacny-system\/wp-json\/wp\/v2\/pages"}],"about":[{"href":"https:\/\/www.rezervujsi.sk\/rezervacny-system\/wp-json\/wp\/v2\/types\/page"}],"author":[{"embeddable":true,"href":"https:\/\/www.rezervujsi.sk\/rezervacny-system\/wp-json\/wp\/v2\/users\/1"}],"replies":[{"embeddable":true,"href":"https:\/\/www.rezervujsi.sk\/rezervacny-system\/wp-json\/wp\/v2\/comments?post=152"}],"version-history":[{"count":1,"href":"https:\/\/www.rezervujsi.sk\/rezervacny-system\/wp-json\/wp\/v2\/pages\/152\/revisions"}],"predecessor-version":[{"id":153,"href":"https:\/\/www.rezervujsi.sk\/rezervacny-system\/wp-json\/wp\/v2\/pages\/152\/revisions\/153"}],"wp:attachment":[{"href":"https:\/\/www.rezervujsi.sk\/rezervacny-system\/wp-json\/wp\/v2\/media?parent=152"}],"curies":[{"name":"wp","href":"https:\/\/api.w.org\/{rel}","templated":true}]}}